{"id":297,"date":"2007-08-27T19:33:50","date_gmt":"2007-08-27T17:33:50","guid":{"rendered":"http:\/\/www.kontrabassblog.de\/?page_id=297"},"modified":"2015-04-05T17:42:21","modified_gmt":"2015-04-05T17:42:21","slug":"kontrabass-werkstaetten","status":"publish","type":"page","link":"https:\/\/www.kontrabassblog.de\/?page_id=297","title":{"rendered":"Kontrabass-Werkst\u00e4tten (in Deutschland und weltweit)"},"content":{"rendered":"<p>Spezialisierte Kontrabass-H\u00e4ndler und -Werkst\u00e4tten sind bekanntlich d\u00fcnn ges\u00e4t. Eine geografische \u00dcbersicht \u00fcber Adressen in Deutschland, Europa und weltweit gibt diese Google-Map:<\/p>\n<p><iframe loading=\"lazy\" src=\"https:\/\/www.google.com\/maps\/d\/embed?mid=z7TPxoqxHcyk.kPh8LOdJrD7o\" width=\"640\" height=\"480\"><\/iframe><\/p>\n<p>Linktipp: Eine \u00dcbersicht sowohl \u00fcber historische als auch \u00fcber noch praktizierende Bassbauer aus Deutschland\/Europa gibt die <a href=\"http:\/\/www.geba-online.de\/KatalogSucheEinfach.php4?katalog_db=4&amp;quicksearch=1\" target=\"_blank\">Bassbauer-Datenbank<\/a>, die ich mit Mark Meyer-Eppler auf <a href=\"http:\/\/www.geba-online.de\/KatalogSucheEinfach.php4?katalog_db=4&amp;quicksearch=1\" target=\"_blank\">Geba-Online.de<\/a> gestartet habe. Dort ist es auch m\u00f6glich, als Leser bzw. Nutzer Erg\u00e4nzungen und Kommentare zu einzelnen Werkst\u00e4tten einzugeben.<\/p>\n","protected":false},"excerpt":{"rendered":"<p>Spezialisierte Kontrabass-H\u00e4ndler und -Werkst\u00e4tten sind bekanntlich d\u00fcnn ges\u00e4t. Eine geografische \u00dcbersicht \u00fcber Adressen in Deutschland, Europa und weltweit gibt diese Google-Map: Linktipp: Eine \u00dcbersicht sowohl \u00fcber historische als auch \u00fcber noch praktizierende Bassbauer aus Deutschland\/Europa gibt die Bassbauer-Datenbank, die ich mit Mark Meyer-Eppler auf Geba-Online.de gestartet habe. Dort ist es auch m\u00f6glich, als Leser bzw. &hellip; <a href=\"https:\/\/www.kontrabassblog.de\/?page_id=297\" class=\"more-link\">Read more <span class=\"screen-reader-text\">Kontrabass-Werkst\u00e4tten (in Deutschland und weltweit)<\/span><\/a><\/p>\n","protected":false},"author":1,"featured_media":0,"parent":1753,"menu_order":1,"comment_status":"open","ping_status":"open","template":"","meta":{"footnotes":""},"categories":[1],"tags":[],"class_list":["post-297","page","type-page","status-publish","hentry","category-allgemein"],"_links":{"self":[{"href":"https:\/\/www.kontrabassblog.de\/index.php?rest_route=\/wp\/v2\/pages\/297","targetHints":{"allow":["GET"]}}],"collection":[{"href":"https:\/\/www.kontrabassblog.de\/index.php?rest_route=\/wp\/v2\/pages"}],"about":[{"href":"https:\/\/www.kontrabassblog.de\/index.php?rest_route=\/wp\/v2\/types\/page"}],"author":[{"embeddable":true,"href":"https:\/\/www.kontrabassblog.de\/index.php?rest_route=\/wp\/v2\/users\/1"}],"replies":[{"embeddable":true,"href":"https:\/\/www.kontrabassblog.de\/index.php?rest_route=%2Fwp%2Fv2%2Fcomments&post=297"}],"version-history":[{"count":5,"href":"https:\/\/www.kontrabassblog.de\/index.php?rest_route=\/wp\/v2\/pages\/297\/revisions"}],"predecessor-version":[{"id":1964,"href":"https:\/\/www.kontrabassblog.de\/index.php?rest_route=\/wp\/v2\/pages\/297\/revisions\/1964"}],"up":[{"embeddable":true,"href":"https:\/\/www.kontrabassblog.de\/index.php?rest_route=\/wp\/v2\/pages\/1753"}],"wp:attachment":[{"href":"https:\/\/www.kontrabassblog.de\/index.php?rest_route=%2Fwp%2Fv2%2Fmedia&parent=297"}],"wp:term":[{"taxonomy":"category","embeddable":true,"href":"https:\/\/www.kontrabassblog.de\/index.php?rest_route=%2Fwp%2Fv2%2Fcategories&post=297"},{"taxonomy":"post_tag","embeddable":true,"href":"https:\/\/www.kontrabassblog.de\/index.php?rest_route=%2Fwp%2Fv2%2Ftags&post=297"}],"curies":[{"name":"wp","href":"https:\/\/api.w.org\/{rel}","templated":true}]}}